+ 1 + -1 - 1).
-2
What is the value of -2 - (1 - (6 - 1)) - (-331 + 336)?
-3
15 + -15 + (-3 - 0) + (14 - 37)
-26
Calculate 4 + -3 - (16 - 8 - 16).
9
(2 - -1) + -143 + 129
-11
What is -8 - ((2 - 8) + -2 + 0)?
0
What is -30 + 2 - (-289 - -283)?
-22
Evaluate 17 + (9 + -4 - 24) + -16.
-18
3 - (0 - (2 + 3) - (4 + -7))
5
What is 17 + -29 - -27 - 16?
-1
-9 + (-15 - -52) - ((2 - 4) + -1)
31
1 + (0 - -3) - 1 - (20 - 11)
-6
(-3 - -9 - (-5 - 1)) + (2 - -4)
18
Calculate (-7 - (-4 - 0)) + 1 + 6 + -1.
3
-28 - (3 + -21 + -48 + 59)
-21
Evaluate (0 - 11) + -3 - (-11 + 1).
-4
What is the value of (198 - 199) + (22 - 5) + 0?
16
-11 + 17 + -24 - -5
-13
What is the value of -21 + (22 - 15) - -5?
-9
Calculate (0 - (-1 + 6 - (4 - -2))) + 7.
8
297 - 276 - (8 + 0)
13
-29 + (44 + -53 - (1 - 17) - 0)
-22
(6 - -5 - 4) + (2 - 14 - 6)
-11
What is the value of 8 + 19 + (8 - (13 - -2))?
20
What is the value of -3 + 7 + -20 + 9 + 4?
-3
What is 6 + (-3 + 3 - 1) - (3 - -2)?
0
What is -3 - 3 - (-12 + (-6 - -7) - -6)?
-1
Calculate 19 - (18 + (-17 - -31)).
-13
Calculate -6 - (5 - ((9 - -1) + (9 - 15))).
-7
Calculate 3 + -11 + (-3 - (-7 + (6 - 3))).
-7
-2 - ((-2 - -2) + (-8 - -4 - -4))
-2
What is -3 + 4 + 10 + -8 + 2?
5
Evaluate -8 + (-15 + 3 + -10 - (1 + 1)).
-32
-10 + -5 + 25 + -3 + -1
6
What is the value of -3 - ((27 - -7) + -34)?
-3
(-138 - -124) + (-2 - -27)
11
Calculate 20 + 7 + -34 - -27.
20
What is the value of -12 - (-15 + 4 + 7 + 0)?
-8
What is the value of -7 + 1 + (75 - 72) + (17 - 1)?
13
-1 + 0 + (25 - -3) + -9
18
Evaluate 2 - 13 - (9 + -29).
9
0 + -6 - (7 + -29)
16
1 + (-8 + 28 + -11 - 36)
-26
Evaluate 25 + (16 - 49) + 1.
-7
(0 - 6 - 0) + 23 - 9
8
Evaluate 41 - 7 - 21 - 19.
-6
What is -12 - ((9 - 24) + -4)?
7
What is the value of -14 + (2 - 6 - (9 + -13)) + 4?
-10
Calculate -6 + -30 + 43 - 8.
-1
Calculate 4 - (1 - 1 - (-18 - (3 + -16))).
-1
Evaluate 3 - (1 + 8 + -1 + -7).
2
Evaluate (0 - 1) + 222 + -233 + -13.
-25
Calculate (11 + 3 - 19) + -3.
-8
What is the value of -6 + (0 + 10 - (-13 + 20) - -31)?
28
Calculate -2 - (4 + -3 + (-13 - -4)).
6
What is the value of (-4 - -1) + 11 - 4 - 13?
-9
Calculate -29 - (-30 - -14) - -24.
11
What is the value of -10 - (70 + -71 - (-1 - 5))?
-15
What is 2 + (-7 - (-13 - -4) - (12 - 1))?
-7
What is the value of 11 + (-15 - -8) + 3 + (-2 - -14)?
19
3 + 11 + (-2 + 5 - 3)
14
What is the value of -9 + 20 - 15 - (-6 - 2)?
4
What is (12 - (12 - (22 - 13))) + 16?
25
Calculate (3 - 6) + (14 - (-8 + 23 + 2)).
-6
Evaluate 3 + -3 + 13 + -7.
6
What is 13 + -8 - ((4 - -1) + -15)?
15
What is the value of 39 + (-87 - -40) - (-2 + (5 - 1))?
-10
What is (-59 + 28 - -40) + -27?
-18
1 + 11 + (-49 - -10) + 31
4
What is 0 - -17 - (368 + -339)?
-12
Evaluate (4 - 41) + 7 + -8 + 11.
-27
-4 + 1 - (-15 - (-10 + -5))
-3
What is the value of 14 - (1 + (17 - 23))?
19
2 + -2 + (18 - 26) - -7
-1
(-20 - (-20 + 24)) + 28
4
Calculate -3 + (64 + -72 - (-7 + -1)).
-3
What is (0 + -12 - -29 - -5) + 6?
28
(9 - -2) + (-1 + 11 - 4) + 3
20
What is 20 - -10 - 4 - 32?
-6
What is 18 - -2 - (-10 + 30)?
0
Calculate -5 + 11 - 10 - (-4 + -19 - -1).
18
Evaluate (4 - (10 - -8) - -8 - -6) + -11.
-11
Calculate 15 + 1 + -12 + (-27 - (-3 - -1)).
-21
What is the value of -35 + 3 + 60 + -24?
4
Evaluate 3 + (-8 - (9 + -6)) + (5 - 12).
-15
Calculate 0 + (1 - (-21 + 15)).
7
Calculate -5 - (-24 + 22 + 19).
-22
-10 + 2 + 26 + -25 + 15
8
(-9 - 7 - -10) + 23 + -8
9
What is (2 - (-7 + 4 - -4)) + 11 + -6?
6
Evaluate (1 - -16 - 10) + 5 - 8.
4
What is the value of 16 + -2 + (24 - -17) + -29?
26
What is -12 + (5 + -2 - (-3 + 1))?
-7
-15 - (8 + -2 + -9 + (4 - -4))
-20
19 - (9 + 15 + -13)
8
What is the value of -13 + (-12 - (6 + -20) - (-1 - 4))?
-6
-1 + -9 + -1 + (4052 - 4074)
-33
Evaluate (3 - 0) + (-17 - -18) + (-1 - 16).
-13
Evaluate -8 - (21 + 8 + -33).
-4
Evaluate (-2 + 2 - 0) + -37 + (1 - -60).
24
What is -24 + 5 - (0 - 12) - (-13 - 0)?
6
What is the value of 12 + -2 + -9 - (0 + 37)?
-36
Evaluate 34 - (7 + (-12 - (-16 - -7)) + -5).
35
What is -228 - -223 - (0 + 0 + 4)?
-9
17 + (38 - (-43 - -69))
29
2 - 11 - (225 - 215)
-19
Evaluate 1 + -24 - (-1 - 10).
-12
Calculate (-4 + -12 - 9) + 19.
-6
Calculate -1 + (-17 - -4) + (-11 - -26).
1
(-1 - -4) + (6 - 12) + 15
12
What is the value of -10 + -3 + (-7 - -14) + 8 - 21?
-19
What is the value of (11 - 5) + 13 + -13 + 2 + 10?
18
(-25 - 0) + (130 + -139 - (-16 + 0))
-18
13 + (31 - 78) + (6 - (2 + 1))
-31
Evaluate (-9 - -2 - -3) + -9 + 13 - 4.
-4
What is (-73 - -84 - (3 + -5)) + 1?
14
Calculate 2138 + -2140 - (0 - (-2 + 3 - 0)).
-1
Evaluate -9 - (19 + (-3 - 50)).
25
What is the value of 86 + -132 + (27 - 5)?
-24
What is (5 - 13) + -1 + 9?
0
Calculate 1 + 3 - (-3 + 0) - (-2 + 7).
2
7 - (14 + (0 - 12))
5
-3 + 5 + 3 + -8 + (10 - -3)
10
Evaluate -1 + -4 - (6 + -6 - 7).
2
59 - 31 - (15 + 11)
2
Evaluate 7 + -1 + (-8 + (-20 - -13) - -8).
-1
32 - 38 - (7 + (-4 - 3))
-6
What is the value of 2 - (-2 - -6) - (-32 + (0 - -23))?
7
What is 0 + (14 + -5 - 19) + 9?
-1
Calculate (27 + -7 - 25) + 16.
11
What is the value of -4 - (-19 + 0 + (-13 - -20))?
8
What is (-62 - -126 - 46) + 0 + 2?
20
Evaluate -11 - (5 + -35 + 9) - -2.
12
What is the value of -20 - (-3 - -1) - (372 - 384)?
-6
-13 + 10 + -13 + 14
-2
What is 7 + -10 + -23 + -2 + (-1 - -1)?
-28
Calculate -23 + 12 + 0 + 5 + 12 + 6.
12
What is the value of 6 + -1 + -1 + -9 + 5?
0
What is 0 + (-5 - -1) - (-5 - (-16 + 14))?
-1
What is -29 + (25 - -17) + (0 - 1)?
12
(19 + -50 - (-15 - -2)) + 18
0
Evaluate -3 - -10 - (286 - 265).
-14
What is the value of (-4 - 11 - 26) + 64?
23
What is (-1 - 5 - 0) + (-12 - -28) + -15?
-5
What is (-469 - -472) + (-1 - 6)?
-4
Evaluate 34 + (-21 - 19 - -12).
6
Calculate 1 + 9 + (24 - 43 - 1).
-10
What is 39 + -33 + (-6 - -18) - (-8 + 2)?
24
Evaluate -17 + 34 - 6 - (8 + 2).
1
Evaluate 5 + (-244 - -250) + 10 + 2 + 2.
25
What is the value of 1 + -6 - -5 - 5 - (0 + 2)?
-7
What is 10 - (3 + -7 + (5 - -19))?
-10
Calculate 16 + (11 - (-10 + 23)).
14
What is the value of 4 - (18 + -27) - (2 + 0)?
11
Calculate 19 + -2 + -16 + 5 + (-13 - -1).
-6
Calculate 28 + (-32 - -49) + -28.
17
What is 40 + -41 - (-3 - -15 - 5)?
-8
Evaluate -18 + (0 - -49) + -12.
19
Calculate -2 - (6 + -3 + -8 + (-171 - -177)).
-3
Evaluate (-7 - (14 + -25)) + -8 + 0 - -9.
5
(4 - (9 - 11)) + (-1 - -11) - 6
10
What is (1 + -2 - -7 - 0) + 0 + 2?
8
What is the value of (14 - (-4 - -20) - -1) + (1 - -1)?
1
Calculate (-2 - -4) + (-1 - 21 - (-69 + 57)).
-8
Evaluate (24 - 4) + -1 + -37.
-18
Evaluate -7 - (3 - 12 - 23).
25
Evaluate (-3 - -1) + -10 + 34 + -33 + 0.
-11
Calculate -32 - -1 - (-500 + 480).
-11
-34 + (-22 - -20) + 62
26
(-93 - -99) + (1 - -14) + -11
10
Calculate -11 + 51 - (46 + -12).
6
11 - 3 - ((-7 - -14) + 11)
-10
Evaluate 7 + (3 - 4) + -2.
4
Evaluate -24 + 0 + -18 + 54.
12
What is the value of 22 + -7 + (-6 - -1) + -27?
-17
Evaluate 2 - (2 + -2 - 5).
7
Evaluate (-11 + 17 - 16) + (5 - -9).
4
What is the value of (9 - (16 + 1)) + 2?
-6
Evaluate 2 - 1 - (17 - (-6 + 2 + 10)).
-10
What is the value of -10 - -5 - (-2 + 1 + -12)?
8
What is the value of 16 + (21 - 26) - (29 - 2)?
-16
Calculate -9 - ((14 - 7) + -7).
-9
Evaluate 23 + -17 - (2 - 11 - (0 + -3)).
12
Evaluate (8 - 15 - 4) + -18 + -8 + 9.
-28
Calculate 26 + (-49 - -13) + 37.
27
Calculate 15 + (-14 + -1 - (4 + -18)).
14
What is (1 - 6) + 26 + -1 + -1 + 0?
19
What is the value of 1 - -33 - ((-13 - -65) + -45)?
27
Calculate 24 + -23 - -40 - 16.
25
-5 - (4 + -14 + 12)
-7
Evaluate (0 - 3) + 3 + (-13 - -5 - -5).
-3
(-1 - -17) + (1 - 1) - (-89 + 78)
27
What is -14 + (-6 - 5 - -19)?
-6
Evaluate (0 + -20 - -10 - (-20 + 1)) + -5.
4
Calculate -31 - (-25 + -12 + 19).
-13
What is (-12 - -35 - 16) + (-2 - 6) - -14?
13
What is the value of 12 + -12 + 12 - (4 - -3 - 19)?
24
What is the value of -29 + 41 - (1 - -2) - 25?
-16
What is the value of -398 + 382 + (12 - 0)?
-4
What is -18 - (-12 + 6 + 7 - (5 + 0))?
-14
What is the value of -908 + 927 - ((2 - 2) + 37)?
-18
What is -20 - -10 - (-117 - -129)?
-22
6 - (0 - (-10 + 8))
4
What is 7 + 4 + -3 - (115 + -120)?
13
What is -4 + (8 - 3 - (2 + 3))?
-4
What is the value of 7 + (-17 - -5) + (25 - 14)?
6
Evaluate (-24 - (-18 - -14)) + 30.
10
16 - 7 - (-6 - (-10 - 1))
4
What is the value of 23 - ((-37 - -34) + 28)?
-2
2 + -4 + 14 + (165 - 160)
1